. Let b(d) = d**3 - m*d + 7 + 3*d**2 - 2*d**3 - 2 + 13*d. What is the tens digit of b(5)?
1
Let v be 1/(-4) + (-1953)/(-36). Suppose -k - 5*k = v. What is the tens digit of 20254/182 - (k/(-7) - 1)?
1
Let c be -5 + 1 + (1 - (-1 + -13)). Let f = 153 - 20. Let j = f + c. What is the tens digit of j?
4
Let l(x) = 2*x**2 - 12*x + 52. Let r be l(9). Suppose 0 = -4*h + 3*q - r, -q = -5*h + 85 - 223. What is the hundreds digit of 3 + h/4 + (1 - -159)?
1
Let r = 19382 + -11271. Suppose 12*g - r = -2159. What is the hundreds digit of g?
4
Let o = -9150 - -46820. What is the hundreds digit of o?
6
Suppose -3*x = 4*b - 26, -5*x - 3*b = -20 - 5. Suppose 5 = 5*p + 5*t, p - 7 = x*p + 5*t. Suppose -6*c = p*c - 1440. What is the hundreds digit of c?
1
Let t be (72/(-9))/(-32) - (-44670)/8. Suppose 0*v - t = -16*v. What is the units digit of v?
9
Let o = -5599 - -9395. What is the hundreds digit of o?
7
Suppose -5*b = -3*n - 20314, 4*b + 30*n - 16259 = 35*n. What is the tens digit of b?
6
Suppose -152 = t + 3*q, 773 = -4*t - q + 110. Let m be 11/(110/(-4)) - t/5. Suppose -27 = -z - 3*l + m, -5*l = z - 62. What is the tens digit of z?
5
Suppose 98*t = 538908 - 194617 + 1752615. What is the ten thousands digit of t?
2
Suppose 3*y = 33*y - 120. Suppose 4785 = y*h - p, -3*h + 2*p - 5*p = -3600. What is the tens digit of h?
9
Let t = 36 + -26. Suppose -6 = 3*f - 4*r + t, -5*f - 8 = -2*r. Suppose -3*w + 5*w - 198 = f. What is the units digit of w?
9
Let z be 574/(-1)*(6 - (-216)/(-42)). Let y = 925 + z. What is the units digit of y?
3
Suppose 0 = 62*k - 187 - 1363. What is the units digit of k?
5
Let k(d) = d**3 - 27*d**2 + 62*d + 70. Let l be k(27). Let o = -269 + l. What is the thousands digit of o?
1
Let h(d) = 503*d**3 - 2*d**2 + 14*d - 27. What is the thousands digit of h(2)?
4
Let d(x) = 4639*x**3 + 11*x**2 - 9*x - 3. What is the tens digit of d(1)?
3
What is the tens digit of (10503/(-18))/(-3 + (-20)/(-8))?
6
Let z(w) = -2*w**2 - 33*w - 20. Let v be z(-8). What is the hundreds digit of v + 0 - (-35)/(-7)?
1
Suppose -130*m + 746865 = -43*m - 979215. What is the thousands digit of m?
9
What is the thousands digit of (-10892)/(-7) - (12 - 48/8)?
1
Let i be 4 + -1 + 5 + -5. Suppose i*s - 2*m = 685, -3*m - 16 = -7*m. What is the tens digit of (-1)/(-1) + s/11?
2
Suppose d - 24322 = -199*t + 202*t, 7*t = -d + 24322. What is the units digit of d?
2
Suppose 0 = -59*y + 61*y - 42. Suppose y*n + 5880 = 27*n. What is the hundreds digit of n?
9
Let p = -825 - -6487. What is the hundreds digit of p?
6
Let j(w) = w**2 - 16*w + 11. Let t(b) = -3*b + 47. Let v be t(11). Let h be j(v). What is the tens digit of 34/h - (-191)/1?
8
Suppose -3*r + 7014 = 4*c, -5*c + 4*r - 8*r + 8767 = 0. Suppose 4*d = g - 900, -2*g = -0*d + d - c. Suppose 10*q = 5*q + g. What is the units digit of q?
6
Suppose 0 = 5*m - 3*m - 6, 0 = -3*g + 5*m + 18. Suppose -g*s + 4135 = -6*s. Suppose 2*p + s = 5*a, -2*p = -6*p - 4. What is the hundreds digit of a?
1
Suppose -l + 2*v + 29 = -0*v, -4*l = -2*v - 104. Suppose -7*n + 3 + l = 0. Let s(m) = 10*m**2 - 3*m - 3. What is the hundreds digit of s(n)?
1
Suppose 4*x - 28 = 0, -95*f + 3*x = -96*f + 21354. What is the ten thousands digit of f?
2
Suppose -36 = -4*s - 24. Suppose -2*d - 56 = -s*m + 2*d, 2*m - d = 29. What is the units digit of m/(-42) - (-116)/14?
8
Let d(t) be the first derivative of -t**4/4 - t**3/3 - 3*t**2/2 + 405*t - 6. What is the tens digit of d(0)?
0
Let r(x) = -9*x - 43. Let u be r(-5). What is the units digit of ((-3363)/(-12) + u)/((-13)/(-52))?
9
Let w = 26160 - 1323. What is the tens digit of w?
3
Let s be 2/(-9) - 14839/171. Let u = s + 100. What is the tens digit of u?
1
Let v(c) = -4*c - 14. Let g be v(-4). Suppose 2361 = 3*n + 3*f, 0 = -g*n + 3*f - 4*f + 1570. Suppose 2255 - n = 8*j. What is the tens digit of j?
8
Suppose 3*q - 51 = -2*v, 73 = 4*v + 3*q - 20. Let m = 27 - v. Suppose -828 = -m*z - 6*z. What is the units digit of z?
9
What is the hundreds digit of (4083/4)/(81/1728)?
7
Let v be 17 + -23 - (3 - 12). Let z be (828/3 - 0)/1. Suppose -2*t - 1394 = -5*f, -4*t + z = f - v*t. What is the hundreds digit of f?
2
Suppose -2*z - 32 = -4*o, -15*o + 14*o = 5. Let m(y) = 2*y**2 + 49*y + 37. What is the tens digit of m(z)?
1
Let t = 161319 - 112357. What is the thousands digit of t?
8
Let k(o) = 2*o**2 - 21*o. Let h be (56/(-10))/((-42)/105). Suppose h = 2*f - 10. What is the tens digit of k(f)?
3
Let t(b) = -2554*b**2 + 2*b + 1. Let d be t(1). Let x = d - -4258. What is the thousands digit of x?
1
Let j be (3 - -1) + 3 + -7. Suppose j*i = -i + 4. Suppose i*h - 308 = -0*h. What is the units digit of h?
7
Let v(n) = -2*n**3 - 14*n**2 + 20*n + 1. Suppose 4*x + 22*g - 21*g + 45 = 0, 4*x - g + 51 = 0. What is the hundreds digit of v(x)?
2
Let c be (-1665)/(-12) - 27/36. Suppose 132*w + 966 = c*w. What is the units digit of w?
1
What is the tens digit of (-456893)/(-17) + (-368)/6256?
7
Let s = 10228 - -2085. What is the tens digit of s?
1
Suppose 3*m - 4*g + 79 = 0, 5*m - 4*g = -85 - 44. Let v be (((-3710)/m)/(-7))/((-2)/(-10)). Let l = v - -178. What is the tens digit of l?
7
Let t = 113391 + -49545. What is the ten thousands digit of t?
6
Let d = -53 - -55. Let h be (-52)/(d/6 + 2/12). Let s = h - -194. What is the tens digit of s?
9
Let o = -4091 - -10865. What is the thousands digit of o?
6
Let c(a) = 15*a - 3. Let h be c(-1). Let v(n) = -n**2 - 24*n + 16. What is the tens digit of v(h)?
2
Let g be (-17)/1 - (-36)/6. What is the units digit of 2/g + 3104/11*1?
2
Suppose 11*q - 5*u = 15*q + 20, -4 = 2*q + u. Suppose -3*d - 5*c + 1054 = q, 3*d + c + 575 - 1609 = 0. What is the hundreds digit of d?
3
Suppose -131*q + 2582892 = 103*q. What is the ten thousands digit of q?
1
Suppose 4*y = -2*d - 2*d + 28, 0 = 4*d - y - 13. Suppose -80 = d*f + 6*f. What is the units digit of (2 - f)*3/5?
6
Let r(u) = 2*u**3 - 7*u**2 - 5*u + 9. Let j be r(4). Suppose 3*n - 126 = -4*h + 2082, 0 = -j*n + 4*h + 3680. What is the hundreds digit of n?
7
Let v = 15064 - 4330. What is the units digit of v?
4
Let p(m) = 20*m**3 + 48*m**2 - 104*m + 171. Let d(v) = -9*v**3 - 24*v**2 + 52*v - 86. Let g(c) = -9*d(c) - 4*p(c). What is the units digit of g(-25)?
5
Let v(j) = j**2 + j + 8. Let m be v(-3). Let n(b) = -b**3 + 22*b**2 - 26*b + 13. What is the tens digit of n(m)?
1
Let v = 38791 + -23819. What is the ten thousands digit of v?
1
Suppose 17*h = 7*h + 40. Suppose 3*x = 4*p + 1580 + 175, x - 585 = h*p. What is the hundreds digit of x?
5
Let j = 67 + -63. Let p(m) = -m**3 + 8*m**2 - 8*m + 8. What is the tens digit of p(j)?
4
Suppose -13 = -3*r - 4. Suppose 5*u - 2168 = -r*k, -u + 5*k + 2160 = 4*u. What is the hundreds digit of u?
4
Suppose 4*u - 250*r + 252*r = 349994, -175007 = -2*u + r. What is the units digit of u?
1
Let y(z) = -z**3 + 28*z**2 - 54*z + 65. Let t be y(26). Suppose -t*w = 15*w - 6496. What is the hundreds digit of w?
2
Let b be (-9 - 1)*(-21)/14. What is the hundreds digit of ((-2632)/(-141))/(1/b)?
2
Suppose -140*c + 9189262 = -11*c + 37*c. What is the units digit of c?
7
Suppose 0*t + 5*t = 4470. Let a = t + -244. What is the tens digit of a?
5
Let m be 12/18 + 26/6. Suppose 134 = m*x + 14. What is the tens digit of x?
2
Let g = 30 - 28. Let x(m) = -14*m**3 + 4*m - 4. Let r be x(g). What is the hundreds digit of (r/(-12))/(1/19)?
1
Suppose -42*n = -117*n + 132075. What is the hundreds digit of n?
7
Let w(v) = 35*v**2 + 11*v + 16. Let t(r) = -r**3 - 6*r**2 + 9*r + 11. Let p be t(-7). What is the hundreds digit of w(p)?
2
Suppose 3*o + 3*u = 18438, 4*o + 14518 - 39094 = -2*u. What is the hundreds digit of o?
1
Let x = -6 + 9. Suppose s = -3*a - s + 17, x*s = -6. Suppose 0 = -3*g - 4*h + 220, -h + a = -3*g + 207. What is the units digit of g?
8
Suppose -d - 34 + 38 = 0. Let m be 31/d + 33/(-44). Let t = 11 - m. What is the units digit of t?
4
Suppose 5*s + 513 = -5*l + 1708, 473 = 2*l + 3*s. What is the tens digit of l/61 - (-645 - 0)?
4
Suppose -5*w + 816 = -2*b, 5*w - 1075 = 3*b - 261. Let j = w + -36. What is the hundreds digit of j?
1
Let f(y) = -3*y + 26. Let m be 28/4 - (-1 + 0). Let g be f(m). Suppose -2*s + 153 = -v + g*v, -2*v - 233 = -3*s. What is the tens digit of s?
7
Let x(j) = 73*j**2 - 6*j - 25. Let q be x(-3). Let b = -33